{"id":1693,"date":"2020-12-08T17:30:15","date_gmt":"2020-12-08T20:30:15","guid":{"rendered":"http:\/\/www.camaru.org.br\/?page_id=1430"},"modified":"2026-04-28T09:31:11","modified_gmt":"2026-04-28T12:31:11","slug":"leiloes","status":"publish","type":"page","link":"https:\/\/www.camaru.org.br\/sru\/leiloes\/","title":{"rendered":"Leil\u00f5es Camaru"},"content":{"rendered":"\t\t<div data-elementor-type=\"wp-page\" data-elementor-id=\"1693\" class=\"elementor elementor-1693\">\n\t\t\t\t\t\t<section class=\"elementor-section elementor-top-section elementor-element elementor-element-153f3f2 elementor-section-full_width elementor-section-height-default elementor-section-height-default\" data-id=\"153f3f2\" data-element_type=\"section\" data-e-type=\"section\">\n\t\t\t\t\t\t<div class=\"elementor-container elementor-column-gap-no\">\n\t\t\t\t\t<div class=\"elementor-column elementor-col-100 elementor-top-column elementor-element elementor-element-f25e92d\" data-id=\"f25e92d\" data-element_type=\"column\" data-e-type=\"column\">\n\t\t\t<div class=\"elementor-widget-wrap elementor-element-populated\">\n\t\t\t\t\t\t<div class=\"elementor-element elementor-element-2bc455bc elementor-align-left elementor-widget elementor-widget-about-page-header\" data-id=\"2bc455bc\" data-element_type=\"widget\" data-e-type=\"widget\" data-widget_type=\"about-page-header.default\">\n\t\t\t\t<div class=\"elementor-widget-container\">\n\t\t\t\t\t\r\n\t\t\t\t<div class=\"pages-hero\" style=\"background-image: url(https:\/\/www.camaru.org.br\/sru\/wp-content\/uploads\/sites\/4\/2018\/12\/CRO3225-menor.jpg);\">\r\n\t\t\r\n\t\t\t<div class=\"container\">\r\n\r\n\t\t\t\t<div class=\"pages-title\">\r\n\r\n\t\t\t\t\t\t\t\t\t\t<h1>leil\u00f5es camaru<\/h1>\r\n\t\t\t\t\t\r\n\t\t\t\t\t<div class=\"page-nav\">\r\n\r\n\t\t\t\t\t\t\t\t\t\t\t\t\t<p><a href=\"https:\/\/www.camaru.org.br\/sru\/\">Home<\/a> &nbsp; | &nbsp; <a>leil\u00f5es camaru<\/a><\/p>\r\n\t\t\t\t\t\t\r\n\t\t\t\t\t<\/div>\r\n\r\n\t\t\t\t<\/div>\r\n\r\n\t\t\t<\/div>  \r\n\r\n\t\t<\/div>\r\n\r\n\t\t\t\t\t<\/div>\n\t\t\t\t<\/div>\n\t\t\t\t\t<\/div>\n\t\t<\/div>\n\t\t\t\t\t<\/div>\n\t\t<\/section>\n\t\t\t\t<section class=\"elementor-section elementor-top-section elementor-element elementor-element-603951b elementor-section-boxed elementor-section-height-default elementor-section-height-default\" data-id=\"603951b\" data-element_type=\"section\" data-e-type=\"section\">\n\t\t\t\t\t\t<div class=\"elementor-container elementor-column-gap-wide\">\n\t\t\t\t\t<div class=\"elementor-column elementor-col-100 elementor-top-column elementor-element elementor-element-1e849d9\" data-id=\"1e849d9\" data-element_type=\"column\" data-e-type=\"column\">\n\t\t\t<div class=\"elementor-widget-wrap elementor-element-populated\">\n\t\t\t\t\t\t<section class=\"elementor-section elementor-inner-section elementor-element elementor-element-1e86a8b elementor-section-boxed elementor-section-height-default elementor-section-height-default\" data-id=\"1e86a8b\" data-element_type=\"section\" data-e-type=\"section\">\n\t\t\t\t\t\t<div class=\"elementor-container elementor-column-gap-wide\">\n\t\t\t\t\t<div class=\"elementor-column elementor-col-50 elementor-inner-column elementor-element elementor-element-202625b\" data-id=\"202625b\" data-element_type=\"column\" data-e-type=\"column\">\n\t\t\t<div class=\"elementor-widget-wrap elementor-element-populated\">\n\t\t\t\t\t\t<div class=\"elementor-element elementor-element-99d13fb elementor-widget elementor-widget-text-editor\" data-id=\"99d13fb\" data-element_type=\"widget\" data-e-type=\"widget\" data-widget_type=\"text-editor.default\">\n\t\t\t\t<div class=\"elementor-widget-container\">\n\t\t\t\t\t\t\t\t\t<p>Os leil\u00f5es comerciais do Sindicato Rural de Uberl\u00e2ndia s\u00e3o oportunidades seguras de neg\u00f3cio para pecuaristas. Promovidos pelo Departamento de Leil\u00f5es da entidade, os eventos acontecem quinzenalmente, aos domingos, no Tatersal Convencional de Leil\u00f5es, no Parque de Exposi\u00e7\u00f5es do CAMARU.<\/p>\t\t\t\t\t\t\t\t<\/div>\n\t\t\t\t<\/div>\n\t\t\t\t\t<\/div>\n\t\t<\/div>\n\t\t\t\t<div class=\"elementor-column elementor-col-50 elementor-inner-column elementor-element elementor-element-f0c0c74\" data-id=\"f0c0c74\" data-element_type=\"column\" data-e-type=\"column\">\n\t\t\t<div class=\"elementor-widget-wrap elementor-element-populated\">\n\t\t\t\t\t\t<div class=\"elementor-element elementor-element-edc794c elementor-widget elementor-widget-video\" data-id=\"edc794c\" data-element_type=\"widget\" data-e-type=\"widget\" data-settings=\"{&quot;youtube_url&quot;:&quot;https:\\\/\\\/youtu.be\\\/uKZgNhvDslY&quot;,&quot;video_type&quot;:&quot;youtube&quot;,&quot;controls&quot;:&quot;yes&quot;}\" data-widget_type=\"video.default\">\n\t\t\t\t<div class=\"elementor-widget-container\">\n\t\t\t\t\t\t\t<div class=\"elementor-wrapper elementor-open-inline\">\n\t\t\t<div class=\"elementor-video\"><\/div>\t\t<\/div>\n\t\t\t\t\t\t<\/div>\n\t\t\t\t<\/div>\n\t\t\t\t\t<\/div>\n\t\t<\/div>\n\t\t\t\t\t<\/div>\n\t\t<\/section>\n\t\t\t\t<div class=\"elementor-element elementor-element-1fd6992 elementor-widget-divider--view-line elementor-widget elementor-widget-divider\" data-id=\"1fd6992\" data-element_type=\"widget\" data-e-type=\"widget\" data-widget_type=\"divider.default\">\n\t\t\t\t<div class=\"elementor-widget-container\">\n\t\t\t\t\t\t\t<div class=\"elementor-divider\">\n\t\t\t<span class=\"elementor-divider-separator\">\n\t\t\t\t\t\t<\/span>\n\t\t<\/div>\n\t\t\t\t\t\t<\/div>\n\t\t\t\t<\/div>\n\t\t\t\t<section class=\"elementor-section elementor-inner-section elementor-element elementor-element-0618ceb elementor-section-boxed elementor-section-height-default elementor-section-height-default\" data-id=\"0618ceb\" data-element_type=\"section\" data-e-type=\"section\">\n\t\t\t\t\t\t<div class=\"elementor-container elementor-column-gap-wide\">\n\t\t\t\t\t<div class=\"elementor-column elementor-col-100 elementor-inner-column elementor-element elementor-element-c643287\" data-id=\"c643287\" data-element_type=\"column\" data-e-type=\"column\">\n\t\t\t<div class=\"elementor-widget-wrap elementor-element-populated\">\n\t\t\t\t\t\t<div class=\"elementor-element elementor-element-8238aaf elementor-widget elementor-widget-heading\" data-id=\"8238aaf\" data-element_type=\"widget\" data-e-type=\"widget\" data-widget_type=\"heading.default\">\n\t\t\t\t<div class=\"elementor-widget-container\">\n\t\t\t\t\t<h2 class=\"elementor-heading-title elementor-size-default\">agenda completa<\/h2>\t\t\t\t<\/div>\n\t\t\t\t<\/div>\n\t\t\t\t<div class=\"elementor-element elementor-element-a021b55 elementor-widget elementor-widget-text-editor\" data-id=\"a021b55\" data-element_type=\"widget\" data-e-type=\"widget\" data-widget_type=\"text-editor.default\">\n\t\t\t\t<div class=\"elementor-widget-container\">\n\t\t\t\t\t\t\t\t\t<iframe src=\"https:\/\/calendar.google.com\/calendar\/embed?height=600&#038;wkst=1&#038;ctz=America%2FSao_Paulo&#038;showPrint=0&#038;mode=AGENDA&#038;src=MGxqdG11a3Jrbm9xZWc2MmFwYmlsaG05MW9AZ3JvdXAuY2FsZW5kYXIuZ29vZ2xlLmNvbQ&#038;color=%2333b679\" style=\"border:solid 1px #777\" width=\"800\" height=\"600\" frameborder=\"0\" scrolling=\"no\"><\/iframe>\t\t\t\t\t\t\t\t<\/div>\n\t\t\t\t<\/div>\n\t\t\t\t\t<\/div>\n\t\t<\/div>\n\t\t\t\t\t<\/div>\n\t\t<\/section>\n\t\t\t\t<div class=\"elementor-element elementor-element-89fab50 elementor-widget-divider--view-line elementor-widget elementor-widget-divider\" data-id=\"89fab50\" data-element_type=\"widget\" data-e-type=\"widget\" data-widget_type=\"divider.default\">\n\t\t\t\t<div class=\"elementor-widget-container\">\n\t\t\t\t\t\t\t<div class=\"elementor-divider\">\n\t\t\t<span class=\"elementor-divider-separator\">\n\t\t\t\t\t\t<\/span>\n\t\t<\/div>\n\t\t\t\t\t\t<\/div>\n\t\t\t\t<\/div>\n\t\t\t\t<section class=\"elementor-section elementor-inner-section elementor-element elementor-element-ded547b elementor-section-boxed elementor-section-height-default elementor-section-height-default\" data-id=\"ded547b\" data-element_type=\"section\" data-e-type=\"section\">\n\t\t\t\t\t\t<div class=\"elementor-container elementor-column-gap-wide\">\n\t\t\t\t\t<div class=\"elementor-column elementor-col-50 elementor-inner-column elementor-element elementor-element-568c0f3\" data-id=\"568c0f3\" data-element_type=\"column\" data-e-type=\"column\">\n\t\t\t<div class=\"elementor-widget-wrap elementor-element-populated\">\n\t\t\t\t\t\t<div class=\"elementor-element elementor-element-c51e629 elementor-widget elementor-widget-image\" data-id=\"c51e629\" data-element_type=\"widget\" data-e-type=\"widget\" data-widget_type=\"image.default\">\n\t\t\t\t<div class=\"elementor-widget-container\">\n\t\t\t\t\t\t\t\t\t\t\t\t\t\t\t<img fetchpriority=\"high\" decoding=\"async\" width=\"900\" height=\"600\" src=\"https:\/\/www.camaru.org.br\/sru\/wp-content\/uploads\/sites\/4\/2018\/12\/CRO3225-menor-1024x683.jpg\" class=\"attachment-large size-large wp-image-1182\" alt=\"\" srcset=\"https:\/\/www.camaru.org.br\/sru\/wp-content\/uploads\/sites\/4\/2018\/12\/CRO3225-menor-1024x683.jpg 1024w, https:\/\/www.camaru.org.br\/sru\/wp-content\/uploads\/sites\/4\/2018\/12\/CRO3225-menor-300x200.jpg 300w, https:\/\/www.camaru.org.br\/sru\/wp-content\/uploads\/sites\/4\/2018\/12\/CRO3225-menor-768x512.jpg 768w, https:\/\/www.camaru.org.br\/sru\/wp-content\/uploads\/sites\/4\/2018\/12\/CRO3225-menor.jpg 1200w\" sizes=\"(max-width: 900px) 100vw, 900px\" \/>\t\t\t\t\t\t\t\t\t\t\t\t\t\t\t<\/div>\n\t\t\t\t<\/div>\n\t\t\t\t\t<\/div>\n\t\t<\/div>\n\t\t\t\t<div class=\"elementor-column elementor-col-50 elementor-inner-column elementor-element elementor-element-a108526\" data-id=\"a108526\" data-element_type=\"column\" data-e-type=\"column\">\n\t\t\t<div class=\"elementor-widget-wrap elementor-element-populated\">\n\t\t\t\t\t\t<div class=\"elementor-element elementor-element-bfe367b elementor-widget elementor-widget-text-editor\" data-id=\"bfe367b\" data-element_type=\"widget\" data-e-type=\"widget\" data-widget_type=\"text-editor.default\">\n\t\t\t\t<div class=\"elementor-widget-container\">\n\t\t\t\t\t\t\t\t\t<h2>LEIL\u00d5ES VIRTUAIS<\/h2><p>A adapta\u00e7\u00e3o dos Leil\u00f5es Camaru para formato digital foi sucesso absoluto entre pecuaristas. Os eventos acontecem com animais no recinto de leil\u00f5es, que tamb\u00e9m recebe presen\u00e7a de p\u00fablico, e tem transmiss\u00e3o pelo <a href=\"https:\/\/www.youtube.com\/sindicatoruraldeuberlandiasru\" target=\"_blank\" rel=\"noopener\">canal do Sindicato Rural no YouTube<\/a> (acompanhe no link).<br \/>Associados ao Sindicato Rural de Uberl\u00e2ndia tem descontos em comiss\u00e3o de compra e venda em eventos espec\u00edficos. Para mais informa\u00e7\u00f5es, entre em contato com o departamento pelo telefone (34) 3292-8810.<\/p>\t\t\t\t\t\t\t\t<\/div>\n\t\t\t\t<\/div>\n\t\t\t\t\t<\/div>\n\t\t<\/div>\n\t\t\t\t\t<\/div>\n\t\t<\/section>\n\t\t\t\t\t<\/div>\n\t\t<\/div>\n\t\t\t\t\t<\/div>\n\t\t<\/section>\n\t\t\t\t<\/div>\n\t\t","protected":false},"excerpt":{"rendered":"<p>leil\u00f5es camaru Home &nbsp; | &nbsp; leil\u00f5es camaru Os leil\u00f5es comerciais do Sindicato Rural de Uberl\u00e2ndia s\u00e3o oportunidades seguras de neg\u00f3cio para pecuaristas. Promovidos pelo Departamento de Leil\u00f5es da entidade, os eventos acontecem quinzenalmente, aos domingos, no Tatersal Convencional de Leil\u00f5es, no Parque de Exposi\u00e7\u00f5es do CAMARU. https:\/\/youtu.be\/uKZgNhvDslY agenda completa LEIL\u00d5ES VIRTUAIS A adapta\u00e7\u00e3o dos [&hellip;]<\/p>\n","protected":false},"author":1,"featured_media":0,"parent":0,"menu_order":0,"comment_status":"closed","ping_status":"closed","template":"elementor_header_footer","meta":{"inline_featured_image":false,"_mi_skip_tracking":false,"_monsterinsights_sitenote_active":false,"_monsterinsights_sitenote_note":"","_monsterinsights_sitenote_category":0,"footnotes":""},"class_list":["post-1693","page","type-page","status-publish","hentry"],"aioseo_notices":[],"_links":{"self":[{"href":"https:\/\/www.camaru.org.br\/sru\/wp-json\/wp\/v2\/pages\/1693","targetHints":{"allow":["GET"]}}],"collection":[{"href":"https:\/\/www.camaru.org.br\/sru\/wp-json\/wp\/v2\/pages"}],"about":[{"href":"https:\/\/www.camaru.org.br\/sru\/wp-json\/wp\/v2\/types\/page"}],"author":[{"embeddable":true,"href":"https:\/\/www.camaru.org.br\/sru\/wp-json\/wp\/v2\/users\/1"}],"replies":[{"embeddable":true,"href":"https:\/\/www.camaru.org.br\/sru\/wp-json\/wp\/v2\/comments?post=1693"}],"version-history":[{"count":20,"href":"https:\/\/www.camaru.org.br\/sru\/wp-json\/wp\/v2\/pages\/1693\/revisions"}],"predecessor-version":[{"id":3031,"href":"https:\/\/www.camaru.org.br\/sru\/wp-json\/wp\/v2\/pages\/1693\/revisions\/3031"}],"wp:attachment":[{"href":"https:\/\/www.camaru.org.br\/sru\/wp-json\/wp\/v2\/media?parent=1693"}],"curies":[{"name":"wp","href":"https:\/\/api.w.org\/{rel}","templated":true}]}}