{"id":667,"date":"2016-10-14T04:50:44","date_gmt":"2016-10-14T04:50:44","guid":{"rendered":"http:\/\/camaru1.hospedagemdesites.ws\/?page_id=667"},"modified":"2016-10-14T04:50:44","modified_gmt":"2016-10-14T04:50:44","slug":"licitacoes","status":"publish","type":"page","link":"https:\/\/www.camaru.org.br\/sru\/licitacoes\/","title":{"rendered":"Edital n\u00ba001-2016 &#8211; Tomada de Pre\u00e7os"},"content":{"rendered":"<p><a href=\"http:\/\/www.camaru.org.br\/wp-content\/uploads\/2016\/10\/EDITAL-TOMADA-DE-PRE\u00c7OS-001-2016.doc\">edital-tomada-de-precos-001-2016<\/a><\/p>\n<p><a href=\"http:\/\/www.camaru.org.br\/wp-content\/uploads\/2016\/10\/EXTRATO-DE-EDITAL-DE-LICITA\u00c7\u00c3O.doc\">extrato-de-edital-de-licitacao<\/a><\/p>\n<p><a href=\"http:\/\/camaru1.hospedagemdesites.ws\/wp-content\/uploads\/2016\/10\/ANEXO-II-PROPOSTA-COMERCIAL.docx\">anexo-ii-proposta-comercial<\/a><\/p>\n<p><a href=\"http:\/\/camaru1.hospedagemdesites.ws\/wp-content\/uploads\/2016\/10\/ANEXO-III-PLANILHA-DE-CUSTOS.xlsx\">anexo-iii-planilha-de-custos<\/a><\/p>\n<p><a href=\"http:\/\/camaru1.hospedagemdesites.ws\/wp-content\/uploads\/2016\/10\/ANEXO-IV-MINUTA-CONTRATO.doc\">anexo-iv-minuta-contrato<\/a><\/p>\n<p><a href=\"http:\/\/www.camaru.org.br\/wp-content\/uploads\/2016\/10\/ANEXO-V-DECLARA\u00c7\u00c3O-QUE-N\u00c3O-EMPREGA-MENOR.doc\">anexo-v-declaracao-que-nao-emprega-menor<\/a><\/p>\n<p><a href=\"http:\/\/camaru1.hospedagemdesites.ws\/wp-content\/uploads\/2016\/10\/ANEXO-VI-ATESTADO-VISITA-TECNICA.doc\">anexo-vi-atestado-visita-tecnica<\/a><\/p>\n<p><a href=\"http:\/\/camaru1.hospedagemdesites.ws\/wp-content\/uploads\/2016\/10\/ANEXO-VII-COMPOSI\u00c7\u00c3O-BDI.docx\">anexo-vii-composicao-bdi<\/a><\/p>\n<p><a href=\"http:\/\/camaru1.hospedagemdesites.ws\/wp-content\/uploads\/2016\/10\/ANEXO-VII-DECLARA\u00c7\u00c3O-FATO-SUPERVENIENCIA.docx\">anexo-viii-declaracao-fato-superveniencia<\/a><\/p>\n<p><a href=\"http:\/\/camaru1.hospedagemdesites.ws\/wp-content\/uploads\/2016\/10\/ANEXO-IX-DECLARA\u00c7\u00c3O-DE-MICRO-E-PEQUENA-EMPRESA.docx\">anexo-ix-declaracao-de-micro-e-pequena-empresa<\/a><\/p>\n<p><a href=\"http:\/\/camaru1.hospedagemdesites.ws\/wp-content\/uploads\/2016\/10\/ANEXO-X-DECLARA\u00c7\u00c3O-PROPOSTA-INDEPENDENTE.docx\">anexo-x-declaracao-proposta-independente<\/a><\/p>\n<p>&nbsp;<\/p>\n<p>&nbsp;<\/p>\n","protected":false},"excerpt":{"rendered":"<p>edital-tomada-de-precos-001-2016 extrato-de-edital-de-licitacao anexo-ii-proposta-comercial anexo-iii-planilha-de-custos anexo-iv-minuta-contrato anexo-v-declaracao-que-nao-emprega-menor anexo-vi-atestado-visita-tecnica anexo-vii-composicao-bdi anexo-viii-declaracao-fato-superveniencia anexo-ix-declaracao-de-micro-e-pequena-empresa anexo-x-declaracao-proposta-independente &nbsp; &nbsp;<\/p>\n","protected":false},"author":1,"featured_media":0,"parent":0,"menu_order":0,"comment_status":"closed","ping_status":"closed","template":"","meta":{"inline_featured_image":false,"_mi_skip_tracking":false,"_monsterinsights_sitenote_active":false,"_monsterinsights_sitenote_note":"","_monsterinsights_sitenote_category":0,"footnotes":""},"class_list":["post-667","page","type-page","status-publish","hentry"],"aioseo_notices":[],"_links":{"self":[{"href":"https:\/\/www.camaru.org.br\/sru\/wp-json\/wp\/v2\/pages\/667","targetHints":{"allow":["GET"]}}],"collection":[{"href":"https:\/\/www.camaru.org.br\/sru\/wp-json\/wp\/v2\/pages"}],"about":[{"href":"https:\/\/www.camaru.org.br\/sru\/wp-json\/wp\/v2\/types\/page"}],"author":[{"embeddable":true,"href":"https:\/\/www.camaru.org.br\/sru\/wp-json\/wp\/v2\/users\/1"}],"replies":[{"embeddable":true,"href":"https:\/\/www.camaru.org.br\/sru\/wp-json\/wp\/v2\/comments?post=667"}],"version-history":[{"count":0,"href":"https:\/\/www.camaru.org.br\/sru\/wp-json\/wp\/v2\/pages\/667\/revisions"}],"wp:attachment":[{"href":"https:\/\/www.camaru.org.br\/sru\/wp-json\/wp\/v2\/media?parent=667"}],"curies":[{"name":"wp","href":"https:\/\/api.w.org\/{rel}","templated":true}]}}

Edital nº001-2016 &#8211; Tomada de Preços

<p><a href="http://www.camaru.org.br/wp-content/uploads/2016/10/EDITAL-TOMADA-DE-PREÇOS-001-2016.doc">edital-tomada-de-precos-001-2016</a></p>
<p><a href="http://www.camaru.org.br/wp-content/uploads/2016/10/EXTRATO-DE-EDITAL-DE-LICITAÇÃO.doc">extrato-de-edital-de-licitacao</a></p>
<p><a href="http://camaru1.hospedagemdesites.ws/wp-content/uploads/2016/10/ANEXO-II-PROPOSTA-COMERCIAL.docx">anexo-ii-proposta-comercial</a></p>
<p><a href="http://camaru1.hospedagemdesites.ws/wp-content/uploads/2016/10/ANEXO-III-PLANILHA-DE-CUSTOS.xlsx">anexo-iii-planilha-de-custos</a></p>
<p><a href="http://camaru1.hospedagemdesites.ws/wp-content/uploads/2016/10/ANEXO-IV-MINUTA-CONTRATO.doc">anexo-iv-minuta-contrato</a></p>
<p><a href="http://www.camaru.org.br/wp-content/uploads/2016/10/ANEXO-V-DECLARAÇÃO-QUE-NÃO-EMPREGA-MENOR.doc">anexo-v-declaracao-que-nao-emprega-menor</a></p>
<p><a href="http://camaru1.hospedagemdesites.ws/wp-content/uploads/2016/10/ANEXO-VI-ATESTADO-VISITA-TECNICA.doc">anexo-vi-atestado-visita-tecnica</a></p>
<p><a href="http://camaru1.hospedagemdesites.ws/wp-content/uploads/2016/10/ANEXO-VII-COMPOSIÇÃO-BDI.docx">anexo-vii-composicao-bdi</a></p>
<p><a href="http://camaru1.hospedagemdesites.ws/wp-content/uploads/2016/10/ANEXO-VII-DECLARAÇÃO-FATO-SUPERVENIENCIA.docx">anexo-viii-declaracao-fato-superveniencia</a></p>
<p><a href="http://camaru1.hospedagemdesites.ws/wp-content/uploads/2016/10/ANEXO-IX-DECLARAÇÃO-DE-MICRO-E-PEQUENA-EMPRESA.docx">anexo-ix-declaracao-de-micro-e-pequena-empresa</a></p>
<p><a href="http://camaru1.hospedagemdesites.ws/wp-content/uploads/2016/10/ANEXO-X-DECLARAÇÃO-PROPOSTA-INDEPENDENTE.docx">anexo-x-declaracao-proposta-independente</a></p>
<p>&nbsp;</p>
<p>&nbsp;</p>
