{"id":821,"date":"2017-02-06T18:16:02","date_gmt":"2017-02-06T18:16:02","guid":{"rendered":"http:\/\/www.camaru.org.br\/?page_id=821"},"modified":"2017-02-06T18:16:02","modified_gmt":"2017-02-06T18:16:02","slug":"cotacao-de-precos-planilha-de-custos-no-001-002-e-0032017","status":"publish","type":"page","link":"https:\/\/www.camaru.org.br\/sru\/cotacao-de-precos-planilha-de-custos-no-001-002-e-0032017\/","title":{"rendered":"Cota\u00e7\u00e3o de Pre\u00e7os \/ Planilha de Custos N\u00ba 001, 002 e 003\/2017"},"content":{"rendered":"<p><a href=\"http:\/\/www.camaru.org.br\/wp-content\/uploads\/2017\/02\/COTA\u00c7\u00c3O-DE-PRE\u00c7OS-001-2017.pdf\">COTA\u00c7\u00c3O DE PRE\u00c7OS 001 2017<\/a><\/p>\n<p><a href=\"http:\/\/www.camaru.org.br\/wp-content\/uploads\/2017\/02\/COTA\u00c7\u00c3O-DE-PRE\u00c7OS-002-2017.pdf\">COTA\u00c7\u00c3O DE PRE\u00c7OS 002 2017<\/a><\/p>\n<p><a href=\"http:\/\/www.camaru.org.br\/wp-content\/uploads\/2017\/02\/COTA\u00c7\u00c3O-DE-PRE\u00c7OS-003-2017.pdf\">COTA\u00c7\u00c3O DE PRE\u00c7OS 003 2017<\/a><\/p>\n<p><a href=\"http:\/\/www.camaru.org.br\/wp-content\/uploads\/2017\/02\/PLANILHA-DE-CUSTOS-001-2017.pdf\">PLANILHA DE CUSTOS 001 2017<\/a><\/p>\n<p><a href=\"http:\/\/www.camaru.org.br\/wp-content\/uploads\/2017\/02\/PLANILHA-DE-CUSTOS-002-2017.pdf\">PLANILHA DE CUSTOS 002 2017<\/a><\/p>\n<p><a href=\"http:\/\/www.camaru.org.br\/wp-content\/uploads\/2017\/02\/PLANILHA-DE-CUSTOS-003-2017.pdf\">PLANILHA DE CUSTOS 003 2017<\/a><\/p>\n","protected":false},"excerpt":{"rendered":"<p>COTA\u00c7\u00c3O DE PRE\u00c7OS 001 2017 COTA\u00c7\u00c3O DE PRE\u00c7OS 002 2017 COTA\u00c7\u00c3O DE PRE\u00c7OS 003 2017 PLANILHA DE CUSTOS 001 2017 PLANILHA DE CUSTOS 002 2017 PLANILHA DE CUSTOS 003 2017<\/p>\n","protected":false},"author":1,"featured_media":0,"parent":0,"menu_order":0,"comment_status":"closed","ping_status":"closed","template":"","meta":{"inline_featured_image":false,"_mi_skip_tracking":false,"_monsterinsights_sitenote_active":false,"_monsterinsights_sitenote_note":"","_monsterinsights_sitenote_category":0,"footnotes":""},"class_list":["post-821","page","type-page","status-publish","hentry"],"aioseo_notices":[],"_links":{"self":[{"href":"https:\/\/www.camaru.org.br\/sru\/wp-json\/wp\/v2\/pages\/821","targetHints":{"allow":["GET"]}}],"collection":[{"href":"https:\/\/www.camaru.org.br\/sru\/wp-json\/wp\/v2\/pages"}],"about":[{"href":"https:\/\/www.camaru.org.br\/sru\/wp-json\/wp\/v2\/types\/page"}],"author":[{"embeddable":true,"href":"https:\/\/www.camaru.org.br\/sru\/wp-json\/wp\/v2\/users\/1"}],"replies":[{"embeddable":true,"href":"https:\/\/www.camaru.org.br\/sru\/wp-json\/wp\/v2\/comments?post=821"}],"version-history":[{"count":0,"href":"https:\/\/www.camaru.org.br\/sru\/wp-json\/wp\/v2\/pages\/821\/revisions"}],"wp:attachment":[{"href":"https:\/\/www.camaru.org.br\/sru\/wp-json\/wp\/v2\/media?parent=821"}],"curies":[{"name":"wp","href":"https:\/\/api.w.org\/{rel}","templated":true}]}}